4*x + 10. What is j(-3)?
-2
Let r(v) = -v**3 - 10*v**2 - 5*v - 12. Calculate r(-9).
-48
Let g(q) = 7*q + 12. Calculate g(-5).
-23
Let f(w) = -2*w**3 + 7*w**2 + 31*w + 8. Give f(6).
14
Let q(d) = -5*d**2 + 5*d + 5. Determine q(-2).
-25
Let b(l) = -l**3 - 2*l**2 + 82*l - 18. Give b(8).
-2
Let o(a) = -2*a - 22. Determine o(-13).
4
Let i(w) = -w + 13. Calculate i(-11).
24
Let s(p) = -p**2 - p + 6. Determine s(0).
6
Let i(x) = x**3 - 9*x**2 + 6*x - 2. Calculate i(8).
-18
Let i(z) = z**2 - 14*z + 17. Calculate i(12).
-7
Let v(j) = -3*j - 70. Calculate v(-23).
-1
Let o(y) = -2*y**2 - 18*y - 9. What is o(-7)?
19
Let y(u) = 5*u**3 - 3*u**2 + 1. Give y(2).
29
Let d(i) = i**2 + 21*i + 51. What is d(-18)?
-3
Let o(s) = -7*s**2 - 6*s - 8. What is o(-1)?
-9
Let t(n) = 3*n - 2. Give t(0).
-2
Let g(c) = 24*c - 1. Give g(2).
47
Let w(q) = -7*q + 45. Determine w(6).
3
Let f(s) = s**2 - 10*s + 11. What is f(8)?
-5
Let n(y) = 2*y**2 + 11*y + 10. Calculate n(-6).
16
Let t(i) = -102*i - 409. Calculate t(-4).
-1
Let i(s) = -67*s**3 - s**2 + s + 1. Determine i(-1).
66
Let w(o) = o**2 - o + 4. Calculate w(3).
10
Let p(w) = -w**2 + 9*w + 5. Calculate p(-7).
-107
Let w(n) = -3*n**3 - 3*n**2 + 4*n. Determine w(3).
-96
Let g(u) = -u**3 + 12*u**2 - 2*u + 23. Calculate g(12).
-1
Let m(w) = w**3 - 6*w**2 + w - 3. What is m(5)?
-23
Let m(p) = -p**3 - 10*p**2 - 11*p - 4. What is m(-3)?
-34
Let f(y) = -3*y + 24. Give f(16).
-24
Let f(i) = -i**3 + 2*i**2 + 2*i + 7. What is f(0)?
7
Let y(b) = 13*b**2 - 7*b + 1. What is y(1)?
7
Let d(j) = 2*j**2 + 8*j - 2. Calculate d(-6).
22
Let p(g) = -2*g**2 - 6*g + 11. Give p(4).
-45
Let h(a) = -7*a + 151. Determine h(24).
-17
Let c(x) = 8*x - 75. Determine c(8).
-11
Let l(s) = -s**3 + 7*s**2 - 7*s - 3. Give l(7).
-52
Let q(w) = w**2 - 15*w + 34. Calculate q(10).
-16
Let x(u) = -6*u**2 - 298*u + 90. Give x(-50).
-10
Let m(o) = -o - 2. Determine m(-3).
1
Let n(w) = w**2 + 11*w + 12. Determine n(-10).
2
Let k(x) = -x**3 + 7*x**2. Give k(7).
0
Let j(p) = -21*p**2 - 2*p - 1. Determine j(-1).
-20
Let c(w) = -32*w**3 - 3*w**2 + w + 1. Give c(1).
-33
Let n(b) = b**2 - 6*b - 19. Determine n(8).
-3
Let f(k) = -k**2 - 11*k + 2. Give f(-15).
-58
Let h(v) = -v**2 - 16*v + 3. Determine h(-16).
3
Let k(t) = t**3 - 5*t**2 + 5*t - 3. Give k(5).
22
Let i(g) = 4*g - 6. What is i(14)?
50
Let f(g) = g**3 - 5*g**2 + 2*g + 5. Calculate f(4).
-3
Let x(d) = -d**2 - 9*d - 10. What is x(-8)?
-2
Let w(d) = d + 9. What is w(-14)?
-5
Let f(v) = 2*v**3 + 11*v**2 + 10*v + 19. What is f(-5)?
-6
Let l(k) = k**2 - 3*k - 10. Calculate l(5).
0
Let t(x) = -x - 34. Determine t(-19).
-15
Let b(m) = m. What is b(3)?
3
Let f(d) = -d**3 + 6*d - 1. Calculate f(3).
-10
Let d(v) = v**3 - 8*v**2 + 11. Determine d(8).
11
Let c(j) = -j**2 + 26*j - 157. Determine c(10).
3
Let v(o) = o**2 - o - 44. Give v(5).
-24
Let x(j) = -j**2 + 16*j - 53. Give x(9).
10
Let x(f) = -f**3 - 6*f**2 + 13*f + 9. Determine x(-7).
-33
Let k(m) = 25*m - 2. What is k(3)?
73
Let q(p) = -3*p**2 + 3*p + 35. What is q(7)?
-91
Let k(c) = -2*c**3 - 4*c**2 + 2*c + 2. Calculate k(2).
-26
Let z(l) = l**2 + 18*l - 86. Determine z(5).
29
Let m(j) = -2*j**2 + 2*j + 2. Determine m(0).
2
Let f(b) = -18*b**3 - b**2 + b. Calculate f(1).
-18
Let x(l) = -l**2 + 6*l + 33. Calculate x(13).
-58
Let l(n) = 13*n + 8. Calculate l(-7).
-83
Let p(a) = a**2 + 20*a + 72. Give p(-5).
-3
Let n(m) = 11*m - 12. Calculate n(6).
54
Let n(q) = 4*q**2 + 39*q - 3. Give n(-10).
7
Let p(o) = 6*o**2 - 2*o - 1. Determine p(-1).
7
Let l(q) = -2*q + 9. Give l(2).
5
Let w(j) = -2*j - 16. Determine w(-7).
-2
Let z(v) = -5*v + 34. Determine z(4).
14
Let c(x) = 5*x + 15. Determine c(-8).
-25
Let c(u) = -5*u + 115. What is c(22)?
5
Let x(n) = -n**2 - 2*n. What is x(-3)?
-3
Let d(s) = 4*s**3 + 3*s**2 + 6*s + 5. Give d(-2).
-27
Let r(a) = -2*a**2 - 35*a + 171. What is r(4)?
-1
Let c(s) = -4*s**2 + 9. Calculate c(3).
-27
Let w(n) = n**3 - n**2 - n + 34. Give w(0).
34
Let t(g) = g**3 + 7*g**2 + 3*g + 2. What is t(-7)?
-19
Let o(y) = -2*y - 21. Calculate o(10).
-41
Let j(f) = f**3 - 5*f**2 - 5*f. Determine j(6).
6
Let x(c) = 2*c**2 + 38*c - 6. Determine x(0).
-6
Let z(a) = -a**3 + a**2 + 9*a - 2. Give z(-3).
7
Let v(f) = 5*f**3 - 2*f**2 + 1. Calculate v(-1).
-6
Let q(g) = -g**2 - 12*g + 11. What is q(-16)?
-53
Let g(t) = t**2 + 4*t - 39. Calculate g(-9).
6
Let o(u) = -2*u + 19. Determine o(0).
19
Let x(w) = 4*w**2 + 7*w - 6. What is x(-6)?
96
Let r(q) = q**2 - 13*q + 14. What is r(11)?
-8
Let j(f) = 4*f**3 - f**2 - 3*f - 3. What is j(-2)?
-33
Let w(c) = 2*c**3 - 14*c**2 - 6*c + 37. Calculate w(7).
-5
Let d(u) = -u. Calculate d(-4).
4
Let g(y) = 15*y - 7. What is g(2)?
23
Let l(n) = n**3 + 5*n**2 + n + 21. Give l(-5).
16
Let p(i) = 30*i + 13. Give p(6).
193
Let z(l) = l**3 - 9*l**2 - 9*l + 14. Give z(10).
24
Let c(s) = s + 8. Determine c(0).
8
Let t(n) = -n**3 - 5*n**2 + 13*n - 4. What is t(-7)?
3
Let s(i) = 95*i + 3. Determine s(-1).
-92
Let v(m) = m**3 - 4*m**2 - 2*m - 1. Give v(4).
-9
Let f(b) = b - 15. Determine f(0).
-15
Let o(h) = h**3 - 3*h**2 - 5*h + 6. Determine o(5).
31
Let n(j) = -2*j**2 - 63*j - 387. Determine n(-23).
4
Let o(x) = x - 2. What is o(8)?
6
Let f(r) = -r**3 + 7*r**2 + 11*r + 6. Give f(8).
30
Let w(u) = -23*u + 44. Calculate w(3).
-25
Let h(x) = 3*x**2 + 21*x + 33. Determine h(-2).
3
Let m(c) = -17*c + 4. Determine m(3).
-47
Let l(b) = 15*b + 17. What is l(-3)?
-28
Let f(x) = 2*x**2 + 40*x + 100. What is f(-17)?
-2
Let j(l) = -l**3 - 10*l**2 - 25*l - 70. Calculate j(-8).
2
Let d(u) = -u**2 + 2*u + 8. Give d(7).
-27
Let z(n) = -n**2 - 3*n + 4. Give z(-4).
0
Let x(j) = -j**2 + 8*j + 3. Calculate x(8).
3
Let m(s) = 2*s**2 + 11*s - 9. Calculate m(-6).
-3
Let z(d) = -d**2 + d + 6. Calculate z(3).
0
Let k(y) = -y**3 - 5*y**2 + 12*y + 30. What is k(-6)?
-6
Let i(f) = -3*f - 60. Give i(-17).
-9
Let v(l) = -6*l**2 + 18*l + 8. What is v(5)?
-52
Let z(t) = -129*t + 8. What is z(1)?
-121
Let m(v) = v**2 + 11*v + 2. What is m(-10)?
-8
Let b(f) = f**3 - 6*f**2 - 14*f - 13. Give b(-3).
-52
Let j(f) = 10*f**2 + 3. Give j(0).
3
Let u(q) = -6*q + 28. Determine u(11).
-38
Let v(q) = 3*q + 34. Calculate v(10).
64
Let f(g) = g**3 - 4*g**2 + 2*g + 3. What is f(3)?
0
Let l(v) = -v**3 + 4*v**2 + 28*v + 32. Determine l(8).
0
Let q(f) = f**2 - 13. Calculate q(4).
3
Let i(k) = 69*k + 613. What is i(-9)?
-8
Let i(c) = -c**2 + c + 10. Determine i(4).
-2
Let v(u) = u**3 - 11*u**2 + 4*u + 8. What is v(10)?
-52
Let x(v) = -2*v**2 + 7*v. Give x(5).
-15
Let y(m) = m**2 + 4*m + 7. What is y(0)?
7
Let a(g) = -6*g + 5. Calculate a(14).
-79
Let a(l) = l**2 - 10. Give a(0).
-10
Let m(q) = -q**2 + 3*q + 6. Calculate m(-5).
-34
Let c(x) = -2*x - 97. Calculate c(-29).
-39
Let t(h) = -h**3 + 5*h**2 - 7*h - 1. Determine t(2).
-3
Let g(x) = 2*x - 34. Determine g(19).
4
Let u(h) = 14*h - 39. What is u(4)?
17
Let t(d) = -d**2 + 38*d - 243. Give t(30).
-3
Let z(g) = -13*g**3 - g**2 + g + 1. Give z(-1).
12
Let d(a) = 29*a**3 + 2*a**2 - 1. Calculate d(-1).
-28
Let g(m) = -m**3 + 5*m**2 - 16*m + 44. What is g(8)?
-276
Let r(u) = -u**2 + 76. Calculate r(-9).
-5
Let q(o) = o**2 + o. Calculate q(1).
2
Let c(d) = -20*d + 21. Calculate c(1).
1
Let s(f) = f + 8. What is s(6)?
14
Let v(c) = c + 9. Calculate v(13).
22
Let g(f) = 11*f - 9. Calculate g(8).
79
Let w(j) = j**3 + 6*j**2 - 4*j - 18. Determine w(-6).
6
Let t(r) = -r**2 + 6*r + 5. Give t(5).
10
Let c(f) = f**2 - 4*f - 17. Determine c(7).
4
Let x(f) = -f**3 - 5*f**2 - 4*f + 7. Determine x(-4).
7
Let z(a) = 75*a + 380. Determine z(-5).
5
Let j(m) = m**2 - 10*m + 2. Calculate j(7).
-19
Let l(q) = -q**2 + 5*q + 174. Determine l(-11).
-2
Let i(o) = o**2 - 11*o + 33. Calculate i(6).
3
Let j(v) = -v**3 + 2*v**2 + 2*v + 3. Give j(3).
0
Let p(x) = -x**3 - 5*x**2 + 14*x - 10. Determine p(-7).
-10
Let z(t) = t**2 - 4*t - 16. What is z(7)?
5
Let l(a) = -a**3 - 14*a**2 - 16*a - 10. Calculate l(-13).
29
Let g(c) = -2*c**2 + 6*c - 1. Calculate g(6).
-37
Let i(u) = -u - 31. What is i(0)?
-31
Let l(k) = -4*k + 29. Determine l(9).
-7
Let q(s) = -10*s + 2. Calculate q(-1).
12
Let k(a) = a**3 + 9*a**2 + 12*a + 6. Determine k(-9).
-102
Let z(v) = 2*v**2 + 12*v - 10. Calculate z(-10).
70
Let k(d) = d**3 + 18*d**2 + 16*d - 10. Calculate k(-17).
7
Let d(j) = 3*j